{"id":10293,"date":"2023-04-12T13:46:38","date_gmt":"2023-04-12T13:46:38","guid":{"rendered":"https:\/\/wordpres55.paweltomczuk.pl\/?post_type=product&#038;p=10293"},"modified":"2024-07-27T12:44:29","modified_gmt":"2024-07-27T12:44:29","slug":"plyta-gipsowo-kartonowa-1200x2600-x125mm-szara-biala","status":"publish","type":"product","link":"https:\/\/wordpres55.paweltomczuk.pl\/?product=plyta-gipsowo-kartonowa-1200x2600-x125mm-szara-biala","title":{"rendered":"P\u0141YTA GIPSOWO &#8211; KARTONOWA 1200X2600 X12,5MM SZARA\/BIA\u0141A"},"content":{"rendered":"","protected":false},"excerpt":{"rendered":"<p>Opis produktu:<\/p>\n<p>P\u0142yta gipsowo \u2013 kartonowa<br \/>\nP\u0142yta G-K 1200x2600x12,5mm<br \/>\nP\u0142yta gipsowo-kartonowa o grubo\u015bci 12,5 mm. Idealnie sprawdzi si\u0119 do konstrukcji poszy\u0107 lub lekkich ok\u0142adzin suchej zabudowy:<\/p>\n<p>\u2714 ok\u0142adzin \u015bciennych,<br \/>\n\u2714 \u015bcian dzia\u0142owych, sufit\u00f3w podwieszanych<br \/>\n\u2714 zabudowy poddaszy<\/p>\n<p>Ilo\u015b\u0107 na palecie- 64 szt.<br \/>\nCena za szt &#8211; 38 z\u0142<\/p>\n","protected":false},"featured_media":12628,"template":"","meta":[],"product_cat":[71],"product_tag":[],"class_list":{"0":"post-10293","1":"product","2":"type-product","3":"status-publish","4":"has-post-thumbnail","6":"product_cat-plyty-gipsowo-kartonowe","8":"first","9":"instock","10":"taxable","11":"shipping-taxable","12":"purchasable","13":"product-type-simple"},"_links":{"self":[{"href":"https:\/\/wordpres55.paweltomczuk.pl\/index.php?rest_route=\/wp\/v2\/product\/10293","targetHints":{"allow":["GET"]}}],"collection":[{"href":"https:\/\/wordpres55.paweltomczuk.pl\/index.php?rest_route=\/wp\/v2\/product"}],"about":[{"href":"https:\/\/wordpres55.paweltomczuk.pl\/index.php?rest_route=\/wp\/v2\/types\/product"}],"version-history":[{"count":4,"href":"https:\/\/wordpres55.paweltomczuk.pl\/index.php?rest_route=\/wp\/v2\/product\/10293\/revisions"}],"predecessor-version":[{"id":12870,"href":"https:\/\/wordpres55.paweltomczuk.pl\/index.php?rest_route=\/wp\/v2\/product\/10293\/revisions\/12870"}],"wp:featuredmedia":[{"embeddable":true,"href":"https:\/\/wordpres55.paweltomczuk.pl\/index.php?rest_route=\/wp\/v2\/media\/12628"}],"wp:attachment":[{"href":"https:\/\/wordpres55.paweltomczuk.pl\/index.php?rest_route=%2Fwp%2Fv2%2Fmedia&parent=10293"}],"wp:term":[{"taxonomy":"product_cat","embeddable":true,"href":"https:\/\/wordpres55.paweltomczuk.pl\/index.php?rest_route=%2Fwp%2Fv2%2Fproduct_cat&post=10293"},{"taxonomy":"product_tag","embeddable":true,"href":"https:\/\/wordpres55.paweltomczuk.pl\/index.php?rest_route=%2Fwp%2Fv2%2Fproduct_tag&post=10293"}],"curies":[{"name":"wp","href":"https:\/\/api.w.org\/{rel}","templated":true}]}}