{"id":10318,"date":"2023-04-15T23:02:24","date_gmt":"2023-04-15T23:02:24","guid":{"rendered":"https:\/\/wordpres55.paweltomczuk.pl\/?post_type=product&#038;p=10318"},"modified":"2024-07-27T12:42:21","modified_gmt":"2024-07-27T12:42:21","slug":"knauf-mp-75-leicht-30-kg-tynk-maszynowy","status":"publish","type":"product","link":"https:\/\/wordpres55.paweltomczuk.pl\/?product=knauf-mp-75-leicht-30-kg-tynk-maszynowy","title":{"rendered":"KNAUF MP 75 LEICHT 30 KG TYNK MASZYNOWY"},"content":{"rendered":"<p>Zastosowanie:<\/p>\n<p>&#8211; tynk mo\u017cna stosowa\u0107 we wszystkich pomieszczeniach o standardowym poziomie wilgotno\u015bci ( w tym r\u00f3wnie\u017c kuchnie i \u0142azienki)<\/p>\n<p>&#8211; mo\u017ce by\u0107 wykorzystywany jako pod\u0142o\u017ce pod wszelkiego rodzaju farby, tapety, pod uk\u0142adanie p\u0142ytek oraz jako podk\u0142ad po r\u00f3\u017cnego rodzaju tynki dekoracyjne<\/p>\n<p>&#8211; stosowany do tynkowania powierzchni z betonu kom\u00f3rkowego, pumeksowego i zwyk\u0142ego, element\u00f3w wapienno-piaskowych, muru mieszanego lub porowatych element\u00f3w \u015bciennych<\/p>\n<p>Cechy:<\/p>\n<p>&#8211; produkt mineralny<\/p>\n<p>&#8211; tynk jest lekki i bardzo wydajny<\/p>\n<p>&#8211; tworzy w pomieszczeniach przyjemny i zdrowy klimat<\/p>\n<p>&#8211; jest paraprzepuszczalny i reguluje wilgotno\u015b\u0107<\/p>\n<p>&#8211; odporny na \u015bcieranie<\/p>\n<p>&#8211; mo\u017cna wbija\u0107 gwo\u017adzie<\/p>\n<p>&#8211; grubo\u015b\u0107 nak\u0142adanego tynku do 5 cm<\/p>\n<p>&#8211; obrubka maszynowa<\/p>\n<p>\u015arednia grubo\u015b\u0107 tynku: 10 mm (grubo\u015b\u0107 min. 8 mm)<\/p>\n<p>Uziarnienie: do 1,2 mm<\/p>\n<p>Wydajno\u015b\u0107: 100 kg = 125 l zaprawy<\/p>\n<p>Zu\u017cycie: 0,8 kg \/ 1 mm \/ 1 m2<\/p>\n<p>Czas schni\u0119cia: \u015brednio ok. 14 dni (zale\u017cnie od grubo\u015bci tynku, wilgotno\u015bci powietrza w pomieszczeniu, temperatury powietrza i wentylacji)<\/p>\n<p>Wytrzyma\u0142o\u015b\u0107 na \u015bciskanie: \u2265 2,0 N\/mm2<\/p>\n<p>Wytrzyma\u0142o\u015b\u0107 na rozci\u0105ganie przy zginaniu: \u2265 1,0 N\/mm2<\/p>\n<p>Ci\u0119\u017car obj\u0119to\u015bciowy: ok. 860 kg\/m3<\/p>\n<p>Wsp\u00f3\u0142czynnik oporu dyfuzyjnego \u03bc:<\/p>\n<p>na sucho: 10<\/p>\n<p>na mokro: 6<\/p>\n<p>Wsp\u00f3\u0142czynnik przewodzenia ciep\u0142a \u03bb: 0,30 W\/mK<\/p>\n<p>Opakowanie: 30kg<\/p>\n","protected":false},"excerpt":{"rendered":"<p>Tynk gipsowy maszynowy MP 75 L stosowany jest do tynkowania powierzchni wykonanych z betonu kom\u00f3rkowego, element\u00f3w wapienno-piaskowych, z betonu pumeksowego czy wszelkiego rodzaju mury mieszane.<\/p>\n<p><strong>Ilo\u015b\u0107 na palecie \u2013 40 szt.<\/strong><\/p>\n<p><strong>Cena: 33,90 z\u0142 \/ szt.<\/strong><\/p>\n","protected":false},"featured_media":12615,"template":"","meta":[],"product_cat":[77],"product_tag":[],"class_list":{"0":"post-10318","1":"product","2":"type-product","3":"status-publish","4":"has-post-thumbnail","6":"product_cat-gipsy-gladz","8":"first","9":"instock","10":"taxable","11":"shipping-taxable","12":"purchasable","13":"product-type-simple"},"_links":{"self":[{"href":"https:\/\/wordpres55.paweltomczuk.pl\/index.php?rest_route=\/wp\/v2\/product\/10318","targetHints":{"allow":["GET"]}}],"collection":[{"href":"https:\/\/wordpres55.paweltomczuk.pl\/index.php?rest_route=\/wp\/v2\/product"}],"about":[{"href":"https:\/\/wordpres55.paweltomczuk.pl\/index.php?rest_route=\/wp\/v2\/types\/product"}],"version-history":[{"count":1,"href":"https:\/\/wordpres55.paweltomczuk.pl\/index.php?rest_route=\/wp\/v2\/product\/10318\/revisions"}],"predecessor-version":[{"id":10320,"href":"https:\/\/wordpres55.paweltomczuk.pl\/index.php?rest_route=\/wp\/v2\/product\/10318\/revisions\/10320"}],"wp:featuredmedia":[{"embeddable":true,"href":"https:\/\/wordpres55.paweltomczuk.pl\/index.php?rest_route=\/wp\/v2\/media\/12615"}],"wp:attachment":[{"href":"https:\/\/wordpres55.paweltomczuk.pl\/index.php?rest_route=%2Fwp%2Fv2%2Fmedia&parent=10318"}],"wp:term":[{"taxonomy":"product_cat","embeddable":true,"href":"https:\/\/wordpres55.paweltomczuk.pl\/index.php?rest_route=%2Fwp%2Fv2%2Fproduct_cat&post=10318"},{"taxonomy":"product_tag","embeddable":true,"href":"https:\/\/wordpres55.paweltomczuk.pl\/index.php?rest_route=%2Fwp%2Fv2%2Fproduct_tag&post=10318"}],"curies":[{"name":"wp","href":"https:\/\/api.w.org\/{rel}","templated":true}]}}