{"id":10337,"date":"2023-04-15T23:15:15","date_gmt":"2023-04-15T23:15:15","guid":{"rendered":"https:\/\/wordpres55.paweltomczuk.pl\/?post_type=product&#038;p=10337"},"modified":"2024-07-27T12:38:19","modified_gmt":"2024-07-27T12:38:19","slug":"klej-do-siatki-ceresit-zu-25-kg","status":"publish","type":"product","link":"https:\/\/wordpres55.paweltomczuk.pl\/?product=klej-do-siatki-ceresit-zu-25-kg","title":{"rendered":"Klej do siatki Ceresit ZU 25 kg"},"content":{"rendered":"<p>Producent: Ceresit<br \/>\nOpakowanie: 25 kg<br \/>\nCzas zu\u017cycia: ok 2 godziny<br \/>\nIlo\u015b\u0107 na palecie: 50 szt.<\/p>\n<p>Zu\u017cycie:<\/p>\n<ul>\n<li>mocowanie p\u0142yt: ok. 5,0 kg\/m2<\/li>\n<li>warstwa zbrojona: ok. 4,0 kg\/m2<\/li>\n<li>warstwa szpachlowa: ok. 1,0 kg\/m2<\/li>\n<\/ul>\n<h2>W\u0141A\u015aCIWO\u015aCI:<\/h2>\n<ul>\n<li>przyczepno\u015b\u0107 ju\u017c po 24 godzinach<\/li>\n<li>trwa\u0142a i elastyczna dzi\u0119ki zbrojeniu 3D<\/li>\n<li>dobra przyczepno\u015b\u0107<\/li>\n<li>odporna na warunki atmosferyczne<\/li>\n<li>mo\u017cliwo\u015b\u0107 aplikacji maszynowej<\/li>\n<li>r\u00f3wnie\u017c do styropianu grafitowego<\/li>\n<li>do budownictwa energooszcz\u0119dnego<\/li>\n<\/ul>\n","protected":false},"excerpt":{"rendered":"<p>Klej do siatki Ceresit ZU znajduje swoje zastosowanie wsystemach docieple\u0144 metod\u0105 lekk\u0105 mokr\u0105 Ceresit Ceretherm. Produkt mo\u017cna stosowa\u0107 do przyklejania p\u0142yt eps oraz xps a g\u0142\u00f3wnie u\u017cywa si\u0119 go do zatapiania siatki zbrojeniowej przed wypraw\u0105 cienkowarstwow\u0105 przy termomodernizacji budynk\u00f3w jak r\u00f3wnie\u017c przy ocieplaniu nowych budynk\u00f3w. Produkt posiada dobr\u0105 przyczepno\u015b\u0107 jest odporny na warunki atmosferyczne.<\/p>\n<p>Zaprawa klej\u0105ca do styropianu i wykonywania warstwy zbrojonej wzmocniona w\u0142\u00f3knami<\/p>\n<p>Do mocowania p\u0142yt styropianowych oraz do wykonywania na nich cienkiej warstwy zbrojonej siatk\u0105 przy ocieplaniu budynk\u00f3w metod\u0105 lekk\u0105-mokr\u0105<\/p>\n<p>Zaprawa Ceresit ZU s\u0142u\u017cy do ocieplania \u015bcian zewn\u0119trznych budynk\u00f3w z zastosowaniem p\u0142yt styropianowych. Jest sk\u0142adnikiem z\u0142o\u017conych system\u00f3w ocieplania \u015bcian zewn\u0119trznych (ETICS) budynk\u00f3w Ceresit Ceretherm. Zaprawa Ceresit ZU stosowana jest zar\u00f3wno do mocowania p\u0142yt styropianowych EPS i XPS, jak i do wykonywania zbrojonej warstwy ochronnej przy ocieplaniu budynk\u00f3w nowo wznoszonych, jak i poddawanych termorenowacji. Ceresit ZU poprzez zastosowanie specjalnie wyselekcjonowanej kombinacji w\u0142\u00f3kien (Fibre Force Technology) zwi\u0119ksza odporno\u015b\u0107 systemu ocieple\u0144 na uszkodzenia mechaniczne, p\u0119kni\u0119cia i zarysowania<\/p>\n","protected":false},"featured_media":12597,"template":"","meta":[],"product_cat":[85],"product_tag":[],"class_list":{"0":"post-10337","1":"product","2":"type-product","3":"status-publish","4":"has-post-thumbnail","6":"product_cat-elewacja-zewnetrzna","8":"first","9":"instock","10":"taxable","11":"shipping-taxable","12":"purchasable","13":"product-type-simple"},"_links":{"self":[{"href":"https:\/\/wordpres55.paweltomczuk.pl\/index.php?rest_route=\/wp\/v2\/product\/10337","targetHints":{"allow":["GET"]}}],"collection":[{"href":"https:\/\/wordpres55.paweltomczuk.pl\/index.php?rest_route=\/wp\/v2\/product"}],"about":[{"href":"https:\/\/wordpres55.paweltomczuk.pl\/index.php?rest_route=\/wp\/v2\/types\/product"}],"version-history":[{"count":2,"href":"https:\/\/wordpres55.paweltomczuk.pl\/index.php?rest_route=\/wp\/v2\/product\/10337\/revisions"}],"predecessor-version":[{"id":12867,"href":"https:\/\/wordpres55.paweltomczuk.pl\/index.php?rest_route=\/wp\/v2\/product\/10337\/revisions\/12867"}],"wp:featuredmedia":[{"embeddable":true,"href":"https:\/\/wordpres55.paweltomczuk.pl\/index.php?rest_route=\/wp\/v2\/media\/12597"}],"wp:attachment":[{"href":"https:\/\/wordpres55.paweltomczuk.pl\/index.php?rest_route=%2Fwp%2Fv2%2Fmedia&parent=10337"}],"wp:term":[{"taxonomy":"product_cat","embeddable":true,"href":"https:\/\/wordpres55.paweltomczuk.pl\/index.php?rest_route=%2Fwp%2Fv2%2Fproduct_cat&post=10337"},{"taxonomy":"product_tag","embeddable":true,"href":"https:\/\/wordpres55.paweltomczuk.pl\/index.php?rest_route=%2Fwp%2Fv2%2Fproduct_tag&post=10337"}],"curies":[{"name":"wp","href":"https:\/\/api.w.org\/{rel}","templated":true}]}}