{"id":10688,"date":"2023-05-15T19:43:09","date_gmt":"2023-05-15T19:43:09","guid":{"rendered":"https:\/\/wordpres55.paweltomczuk.pl\/?post_type=product&#038;p=10688"},"modified":"2024-07-27T12:19:16","modified_gmt":"2024-07-27T12:19:16","slug":"farba-sniezka-eko-plus-biala-10l","status":"publish","type":"product","link":"https:\/\/wordpres55.paweltomczuk.pl\/?product=farba-sniezka-eko-plus-biala-10l","title":{"rendered":"Farba \u015anie\u017cka Eko Plus bia\u0142a 10l"},"content":{"rendered":"","protected":false},"excerpt":{"rendered":"<p><strong>Przeznaczenie : Farba przeznaczona jest do dekoracyjnego malowania \u015bcian i sufit\u00f3w wewn\u0105trz pomieszcze\u0144: z zapraw cementowych, cementowo-wapiennych,wapiennych, gipsowych, p\u0142yt,gipsowo-kartonowych, drewnianych, drewnopochodnych oraz tapet, r\u00f3wnie\u017c tych z w\u0142\u00f3kna szklanego.<\/strong><\/p>\n<ul>\n<li><strong>Rodzina kolor\u00f3w : <\/strong>bia\u0142y<\/li>\n<li><strong>Kolor : <\/strong>bia\u0142y<\/li>\n<li><strong>Aspekt : <\/strong>mat<\/li>\n<li><strong>Rodzaj farby : <\/strong>lateksowa<\/li>\n<li><strong>Pojemno\u015b\u0107 [l] : <\/strong>10<\/li>\n<li><strong>Wydajno\u015b\u0107 z litra : <\/strong>do 14 m2<\/li>\n<li><strong>Dodatkowe informacje : <\/strong>odporna na szorowanie<\/li>\n<\/ul>\n<p>&nbsp;<\/p>\n<p><strong>Cena: 105 z\u0142\/szt.<\/strong><\/p>\n","protected":false},"featured_media":12606,"template":"","meta":[],"product_cat":[81],"product_tag":[],"class_list":{"0":"post-10688","1":"product","2":"type-product","3":"status-publish","4":"has-post-thumbnail","6":"product_cat-farby-wewnetrzne","8":"first","9":"instock","10":"taxable","11":"shipping-taxable","12":"purchasable","13":"product-type-simple"},"_links":{"self":[{"href":"https:\/\/wordpres55.paweltomczuk.pl\/index.php?rest_route=\/wp\/v2\/product\/10688","targetHints":{"allow":["GET"]}}],"collection":[{"href":"https:\/\/wordpres55.paweltomczuk.pl\/index.php?rest_route=\/wp\/v2\/product"}],"about":[{"href":"https:\/\/wordpres55.paweltomczuk.pl\/index.php?rest_route=\/wp\/v2\/types\/product"}],"version-history":[{"count":2,"href":"https:\/\/wordpres55.paweltomczuk.pl\/index.php?rest_route=\/wp\/v2\/product\/10688\/revisions"}],"predecessor-version":[{"id":12279,"href":"https:\/\/wordpres55.paweltomczuk.pl\/index.php?rest_route=\/wp\/v2\/product\/10688\/revisions\/12279"}],"wp:featuredmedia":[{"embeddable":true,"href":"https:\/\/wordpres55.paweltomczuk.pl\/index.php?rest_route=\/wp\/v2\/media\/12606"}],"wp:attachment":[{"href":"https:\/\/wordpres55.paweltomczuk.pl\/index.php?rest_route=%2Fwp%2Fv2%2Fmedia&parent=10688"}],"wp:term":[{"taxonomy":"product_cat","embeddable":true,"href":"https:\/\/wordpres55.paweltomczuk.pl\/index.php?rest_route=%2Fwp%2Fv2%2Fproduct_cat&post=10688"},{"taxonomy":"product_tag","embeddable":true,"href":"https:\/\/wordpres55.paweltomczuk.pl\/index.php?rest_route=%2Fwp%2Fv2%2Fproduct_tag&post=10688"}],"curies":[{"name":"wp","href":"https:\/\/api.w.org\/{rel}","templated":true}]}}