{"id":10704,"date":"2023-05-15T20:07:34","date_gmt":"2023-05-15T20:07:34","guid":{"rendered":"https:\/\/wordpres55.paweltomczuk.pl\/?post_type=product&#038;p=10704"},"modified":"2024-07-27T12:14:29","modified_gmt":"2024-07-27T12:14:29","slug":"profil-glowny-sufitowy-cd60-ultrastil-dl-4-m","status":"publish","type":"product","link":"https:\/\/wordpres55.paweltomczuk.pl\/?product=profil-glowny-sufitowy-cd60-ultrastil-dl-4-m","title":{"rendered":"Profil g\u0142\u00f3wny sufitowy CD60 Ultrastil D\u0141.4 m"},"content":{"rendered":"","protected":false},"excerpt":{"rendered":"<p>Profil g\u0142\u00f3wny sufitowy CD60 Ultrastil d\u0142. 4m RIGIPS<br \/>\nProfil ryflowany &#8211; sufit &#8211; RIGIPS do suchej zabudowy.<\/p>\n<p>&nbsp;<\/p>\n<p>Ilo\u015b\u0107 w paczce \u2013 18 szt.<\/p>\n","protected":false},"featured_media":12647,"template":"","meta":[],"product_cat":[74],"product_tag":[],"class_list":{"0":"post-10704","1":"product","2":"type-product","3":"status-publish","4":"has-post-thumbnail","6":"product_cat-sucha-zabudowa","8":"first","9":"instock","10":"taxable","11":"shipping-taxable","12":"purchasable","13":"product-type-simple"},"_links":{"self":[{"href":"https:\/\/wordpres55.paweltomczuk.pl\/index.php?rest_route=\/wp\/v2\/product\/10704","targetHints":{"allow":["GET"]}}],"collection":[{"href":"https:\/\/wordpres55.paweltomczuk.pl\/index.php?rest_route=\/wp\/v2\/product"}],"about":[{"href":"https:\/\/wordpres55.paweltomczuk.pl\/index.php?rest_route=\/wp\/v2\/types\/product"}],"version-history":[{"count":2,"href":"https:\/\/wordpres55.paweltomczuk.pl\/index.php?rest_route=\/wp\/v2\/product\/10704\/revisions"}],"predecessor-version":[{"id":12851,"href":"https:\/\/wordpres55.paweltomczuk.pl\/index.php?rest_route=\/wp\/v2\/product\/10704\/revisions\/12851"}],"wp:featuredmedia":[{"embeddable":true,"href":"https:\/\/wordpres55.paweltomczuk.pl\/index.php?rest_route=\/wp\/v2\/media\/12647"}],"wp:attachment":[{"href":"https:\/\/wordpres55.paweltomczuk.pl\/index.php?rest_route=%2Fwp%2Fv2%2Fmedia&parent=10704"}],"wp:term":[{"taxonomy":"product_cat","embeddable":true,"href":"https:\/\/wordpres55.paweltomczuk.pl\/index.php?rest_route=%2Fwp%2Fv2%2Fproduct_cat&post=10704"},{"taxonomy":"product_tag","embeddable":true,"href":"https:\/\/wordpres55.paweltomczuk.pl\/index.php?rest_route=%2Fwp%2Fv2%2Fproduct_tag&post=10704"}],"curies":[{"name":"wp","href":"https:\/\/api.w.org\/{rel}","templated":true}]}}