{"id":10791,"date":"2023-05-15T21:33:45","date_gmt":"2023-05-15T21:33:45","guid":{"rendered":"https:\/\/wordpres55.paweltomczuk.pl\/?post_type=product&#038;p=10791"},"modified":"2024-07-27T09:25:30","modified_gmt":"2024-07-27T09:25:30","slug":"piana-pistoletowa-soudafoam-low-expansion-750ml","status":"publish","type":"product","link":"https:\/\/wordpres55.paweltomczuk.pl\/?product=piana-pistoletowa-soudafoam-low-expansion-750ml","title":{"rendered":"Piana pistoletowa Soudafoam Low Expansion 750ml"},"content":{"rendered":"","protected":false},"excerpt":{"rendered":"<p><strong>Przeznaczenie : poliuretanowa pianka pistoletowa o niskiej rozpr\u0119\u017calno\u015bci i du\u017cej g\u0119sto\u015bci po utwardzeniu. Ma doskona\u0142\u0105 przyczepno\u015b\u0107 do wi\u0119kszo\u015bci materia\u0142\u00f3w budowlanych m.in. ceg\u0142y, betonu, kamienia, tynku, drewna, PCV, aluminium, w tym r\u00f3wnie\u017c pokrytego pow\u0142okami proszkowymi, powierzchni szkliwionych, itp. Charakteryzuje si\u0119 najwy\u017csz\u0105 izolacyjno\u015bci\u0105 termiczn\u0105 i akustyczn\u0105 (Rstw 58dB &#8211; potwierdzone badaniami i.f.t. Rosenheim), wysok\u0105 wydajno\u015bci\u0105 i stabilno\u015bci\u0105 wymiar\u00f3w. Pistoletowy aplikator zapewnia najwy\u017csz\u0105 precyzj\u0119 i ekonomiczno\u015b\u0107 dozowania.<\/strong><\/p>\n<ul>\n<li><strong>Rodzaj : <\/strong>Pistoletowa<\/li>\n<li><strong>Pojemno\u015b\u0107 [l] : <\/strong>75<\/li>\n<\/ul>\n","protected":false},"featured_media":12626,"template":"","meta":[],"product_cat":[80],"product_tag":[],"class_list":{"0":"post-10791","1":"product","2":"type-product","3":"status-publish","4":"has-post-thumbnail","6":"product_cat-piana-montazowa","8":"first","9":"instock","10":"taxable","11":"shipping-taxable","12":"purchasable","13":"product-type-simple"},"_links":{"self":[{"href":"https:\/\/wordpres55.paweltomczuk.pl\/index.php?rest_route=\/wp\/v2\/product\/10791","targetHints":{"allow":["GET"]}}],"collection":[{"href":"https:\/\/wordpres55.paweltomczuk.pl\/index.php?rest_route=\/wp\/v2\/product"}],"about":[{"href":"https:\/\/wordpres55.paweltomczuk.pl\/index.php?rest_route=\/wp\/v2\/types\/product"}],"version-history":[{"count":2,"href":"https:\/\/wordpres55.paweltomczuk.pl\/index.php?rest_route=\/wp\/v2\/product\/10791\/revisions"}],"predecessor-version":[{"id":12813,"href":"https:\/\/wordpres55.paweltomczuk.pl\/index.php?rest_route=\/wp\/v2\/product\/10791\/revisions\/12813"}],"wp:featuredmedia":[{"embeddable":true,"href":"https:\/\/wordpres55.paweltomczuk.pl\/index.php?rest_route=\/wp\/v2\/media\/12626"}],"wp:attachment":[{"href":"https:\/\/wordpres55.paweltomczuk.pl\/index.php?rest_route=%2Fwp%2Fv2%2Fmedia&parent=10791"}],"wp:term":[{"taxonomy":"product_cat","embeddable":true,"href":"https:\/\/wordpres55.paweltomczuk.pl\/index.php?rest_route=%2Fwp%2Fv2%2Fproduct_cat&post=10791"},{"taxonomy":"product_tag","embeddable":true,"href":"https:\/\/wordpres55.paweltomczuk.pl\/index.php?rest_route=%2Fwp%2Fv2%2Fproduct_tag&post=10791"}],"curies":[{"name":"wp","href":"https:\/\/api.w.org\/{rel}","templated":true}]}}