{"id":10793,"date":"2023-05-15T21:34:09","date_gmt":"2023-05-15T21:34:09","guid":{"rendered":"https:\/\/wordpres55.paweltomczuk.pl\/?post_type=product&#038;p=10793"},"modified":"2024-07-27T09:24:49","modified_gmt":"2024-07-27T09:24:49","slug":"piana-pistoletowa-yellow-750ml","status":"publish","type":"product","link":"https:\/\/wordpres55.paweltomczuk.pl\/?product=piana-pistoletowa-yellow-750ml","title":{"rendered":"Piana pistoletowa Yellow 750ml"},"content":{"rendered":"","protected":false},"excerpt":{"rendered":"<p><strong>Przeznaczenie :do uszczelnienia przy monta\u017cu o\u015bcie\u017cnic okiennych i drzwiowych, szczeg\u00f3lnie z wielokomorowych i kolorowych profili PVC, monta\u017c i uszczelnianie parapet\u00f3w, rolet, prog\u00f3w, stopni schod\u00f3w itp.<\/strong><\/p>\n<ul>\n<li><strong>Rodzaj :<\/strong>Pistoletowa<\/li>\n<li><strong>Pojemno\u015b\u0107 [l] :<\/strong>75<\/li>\n<li><strong>Gwarancja :<\/strong>18 MIESI\u0118CY<\/li>\n<\/ul>\n","protected":false},"featured_media":12627,"template":"","meta":[],"product_cat":[80],"product_tag":[],"class_list":{"0":"post-10793","1":"product","2":"type-product","3":"status-publish","4":"has-post-thumbnail","6":"product_cat-piana-montazowa","8":"first","9":"instock","10":"taxable","11":"shipping-taxable","12":"purchasable","13":"product-type-simple"},"_links":{"self":[{"href":"https:\/\/wordpres55.paweltomczuk.pl\/index.php?rest_route=\/wp\/v2\/product\/10793","targetHints":{"allow":["GET"]}}],"collection":[{"href":"https:\/\/wordpres55.paweltomczuk.pl\/index.php?rest_route=\/wp\/v2\/product"}],"about":[{"href":"https:\/\/wordpres55.paweltomczuk.pl\/index.php?rest_route=\/wp\/v2\/types\/product"}],"version-history":[{"count":2,"href":"https:\/\/wordpres55.paweltomczuk.pl\/index.php?rest_route=\/wp\/v2\/product\/10793\/revisions"}],"predecessor-version":[{"id":12812,"href":"https:\/\/wordpres55.paweltomczuk.pl\/index.php?rest_route=\/wp\/v2\/product\/10793\/revisions\/12812"}],"wp:featuredmedia":[{"embeddable":true,"href":"https:\/\/wordpres55.paweltomczuk.pl\/index.php?rest_route=\/wp\/v2\/media\/12627"}],"wp:attachment":[{"href":"https:\/\/wordpres55.paweltomczuk.pl\/index.php?rest_route=%2Fwp%2Fv2%2Fmedia&parent=10793"}],"wp:term":[{"taxonomy":"product_cat","embeddable":true,"href":"https:\/\/wordpres55.paweltomczuk.pl\/index.php?rest_route=%2Fwp%2Fv2%2Fproduct_cat&post=10793"},{"taxonomy":"product_tag","embeddable":true,"href":"https:\/\/wordpres55.paweltomczuk.pl\/index.php?rest_route=%2Fwp%2Fv2%2Fproduct_tag&post=10793"}],"curies":[{"name":"wp","href":"https:\/\/api.w.org\/{rel}","templated":true}]}}